{"id":4983,"date":"2021-03-17T23:05:51","date_gmt":"2021-03-17T23:05:51","guid":{"rendered":"https:\/\/www.hotelplaza.hr\/?page_id=4983"},"modified":"2021-03-17T23:07:08","modified_gmt":"2021-03-17T23:07:08","slug":"fahrrad-und-rollerverleih","status":"publish","type":"page","link":"https:\/\/www.hotelplaza.hr\/de\/fahrrad-und-rollerverleih\/","title":{"rendered":"Fahrrad und Rollerverleih"},"content":{"rendered":"\t\t<div data-elementor-type=\"wp-page\" data-elementor-id=\"4983\" class=\"elementor elementor-4983 elementor-1487\" data-elementor-post-type=\"page\">\n\t\t\t\t\t\t<section class=\"elementor-section elementor-top-section elementor-element elementor-element-aab9eaf elementor-section-full_width elementor-section-height-min-height elementor-section-stretched elementor-section-height-default elementor-section-items-middle\" data-id=\"aab9eaf\" data-element_type=\"section\" data-e-type=\"section\" data-settings=\"{&quot;stretch_section&quot;:&quot;section-stretched&quot;,&quot;background_background&quot;:&quot;classic&quot;}\">\n\t\t\t\t\t\t<div class=\"elementor-container elementor-column-gap-default\">\n\t\t\t\t\t<div class=\"elementor-column elementor-col-100 elementor-top-column elementor-element elementor-element-8aacb2f\" data-id=\"8aacb2f\" data-element_type=\"column\" data-e-type=\"column\">\n\t\t\t<div class=\"elementor-widget-wrap\">\n\t\t\t\t\t\t\t<\/div>\n\t\t<\/div>\n\t\t\t\t\t<\/div>\n\t\t<\/section>\n\t\t\t\t<section class=\"elementor-section elementor-top-section elementor-element elementor-element-a04405a elementor-section-stretched elementor-section-boxed elementor-section-height-default elementor-section-height-default\" data-id=\"a04405a\" data-element_type=\"section\" data-e-type=\"section\" data-settings=\"{&quot;background_background&quot;:&quot;classic&quot;,&quot;stretch_section&quot;:&quot;section-stretched&quot;}\">\n\t\t\t\t\t\t<div class=\"elementor-container elementor-column-gap-default\">\n\t\t\t\t\t<div class=\"elementor-column elementor-col-100 elementor-top-column elementor-element elementor-element-ed1d456\" data-id=\"ed1d456\" data-element_type=\"column\" data-e-type=\"column\">\n\t\t\t<div class=\"elementor-widget-wrap elementor-element-populated\">\n\t\t\t\t\t\t<div class=\"elementor-element elementor-element-5b587a2 subtilines elementor-widget elementor-widget-text-editor\" data-id=\"5b587a2\" data-element_type=\"widget\" data-e-type=\"widget\" data-widget_type=\"text-editor.default\">\n\t\t\t\t\t\t\t\t\t<p class=\"t1\">EXKLUSIVE 4-STERNE-HOTELS<\/p>\t\t\t\t\t\t\t\t<\/div>\n\t\t\t\t<div class=\"elementor-element elementor-element-f79b388 elementor-widget elementor-widget-heading\" data-id=\"f79b388\" data-element_type=\"widget\" data-e-type=\"widget\" data-widget_type=\"heading.default\">\n\t\t\t\t\t<h2 class=\"elementor-heading-title elementor-size-default\">Fahrrad und Rollerverleih<\/h2>\t\t\t\t<\/div>\n\t\t\t\t<div class=\"elementor-element elementor-element-67388f9 elementor-widget elementor-widget-text-editor\" data-id=\"67388f9\" data-element_type=\"widget\" data-e-type=\"widget\" data-widget_type=\"text-editor.default\">\n\t\t\t\t\t\t\t\t\t<p>Entdecken Sie die Omi\u0161 Riviera auf zwei R\u00e4dern und genie\u00dfen die Fahrt am Meer oder Fluss entlang.<\/p><p>Die Hotels Pla\u017ea bieten die M\u00f6glichkeit dazu Fahrr\u00e4der, e-Fahrr\u00e4der oder Roller auszuleihen.<\/p><p>Wenn Sie sich etwas aus dem Stadttrouble zur\u00fcckziehen m\u00f6chten und die Sch\u00f6nheiten der Gegend genie\u00dfen wollen, k\u00f6nnen Sie nach der Unterkunftsbuchung oder w\u00e4hrend Ihrem Aufenthalt an der Hotelrezeption ein Fahrrad oder einen Roller leihen.<\/p>\t\t\t\t\t\t\t\t<\/div>\n\t\t\t\t\t<\/div>\n\t\t<\/div>\n\t\t\t\t\t<\/div>\n\t\t<\/section>\n\t\t\t\t<\/div>\n\t\t","protected":false},"excerpt":{"rendered":"<p>EXKLUSIVE 4-STERNE-HOTELS Fahrrad und Rollerverleih Entdecken Sie die Omi\u0161 Riviera auf zwei R\u00e4dern und genie\u00dfen die Fahrt am Meer oder Fluss entlang. Die Hotels Pla\u017ea bieten die M\u00f6glichkeit dazu Fahrr\u00e4der, e-Fahrr\u00e4der oder Roller auszuleihen. Wenn Sie sich etwas aus dem Stadttrouble zur\u00fcckziehen m\u00f6chten und die Sch\u00f6nheiten der Gegend genie\u00dfen wollen, k\u00f6nnen Sie nach der Unterkunftsbuchung [&hellip;]<\/p>\n","protected":false},"author":1,"featured_media":0,"parent":0,"menu_order":0,"comment_status":"closed","ping_status":"closed","template":"","meta":{"rs_blank_template":"","rs_page_bg_color":"","slide_template_v7":"","site-sidebar-layout":"no-sidebar","site-content-layout":"content-boxed-container","ast-site-content-layout":"default","site-content-style":"default","site-sidebar-style":"default","ast-global-header-display":"","ast-banner-title-visibility":"","ast-main-header-display":"disabled","ast-hfb-above-header-display":"","ast-hfb-below-header-display":"","ast-hfb-mobile-header-display":"","site-post-title":"disabled","ast-breadcrumbs-content":"disabled","ast-featured-img":"disabled","footer-sml-layout":"disabled","ast-disable-related-posts":"","theme-transparent-header-meta":"enabled","adv-header-id-meta":"","stick-header-meta":"","header-above-stick-meta":"","header-main-stick-meta":"","header-below-stick-meta":"","astra-migrate-meta-layouts":"default","ast-page-background-enabled":"default","ast-page-background-meta":{"desktop":{"background-color":"","background-image":"","background-repeat":"repeat","background-position":"center center","background-size":"auto","background-attachment":"scroll","background-type":"","background-media":"","overlay-type":"","overlay-color":"","overlay-opacity":"","overlay-gradient":""},"tablet":{"background-color":"","background-image":"","background-repeat":"repeat","background-position":"center center","background-size":"auto","background-attachment":"scroll","background-type":"","background-media":"","overlay-type":"","overlay-color":"","overlay-opacity":"","overlay-gradient":""},"mobile":{"background-color":"","background-image":"","background-repeat":"repeat","background-position":"center center","background-size":"auto","background-attachment":"scroll","background-type":"","background-media":"","overlay-type":"","overlay-color":"","overlay-opacity":"","overlay-gradient":""}},"ast-content-background-meta":{"desktop":{"background-color":"var(--ast-global-color-5)","background-image":"","background-repeat":"repeat","background-position":"center center","background-size":"auto","background-attachment":"scroll","background-type":"","background-media":"","overlay-type":"","overlay-color":"","overlay-opacity":"","overlay-gradient":""},"tablet":{"background-color":"var(--ast-global-color-5)","background-image":"","background-repeat":"repeat","background-position":"center center","background-size":"auto","background-attachment":"scroll","background-type":"","background-media":"","overlay-type":"","overlay-color":"","overlay-opacity":"","overlay-gradient":""},"mobile":{"background-color":"var(--ast-global-color-5)","background-image":"","background-repeat":"repeat","background-position":"center center","background-size":"auto","background-attachment":"scroll","background-type":"","background-media":"","overlay-type":"","overlay-color":"","overlay-opacity":"","overlay-gradient":""}},"footnotes":""},"class_list":["post-4983","page","type-page","status-publish","hentry"],"yoast_head":"<!-- This site is optimized with the Yoast SEO plugin v27.4 - https:\/\/yoast.com\/product\/yoast-seo-wordpress\/ -->\n<title>Fahrrad und Rollerverleih - Hotel Plaza<\/title>\n<meta name=\"robots\" content=\"index, follow, max-snippet:-1, max-image-preview:large, max-video-preview:-1\" \/>\n<link rel=\"canonical\" href=\"https:\/\/www.hotelplaza.hr\/de\/fahrrad-und-rollerverleih\/\" \/>\n<meta property=\"og:locale\" content=\"de_DE\" \/>\n<meta property=\"og:type\" content=\"article\" \/>\n<meta property=\"og:title\" content=\"Fahrrad und Rollerverleih - Hotel Plaza\" \/>\n<meta property=\"og:description\" content=\"EXKLUSIVE 4-STERNE-HOTELS Fahrrad und Rollerverleih Entdecken Sie die Omi\u0161 Riviera auf zwei R\u00e4dern und genie\u00dfen die Fahrt am Meer oder Fluss entlang. Die Hotels Pla\u017ea bieten die M\u00f6glichkeit dazu Fahrr\u00e4der, e-Fahrr\u00e4der oder Roller auszuleihen. Wenn Sie sich etwas aus dem Stadttrouble zur\u00fcckziehen m\u00f6chten und die Sch\u00f6nheiten der Gegend genie\u00dfen wollen, k\u00f6nnen Sie nach der Unterkunftsbuchung [&hellip;]\" \/>\n<meta property=\"og:url\" content=\"https:\/\/www.hotelplaza.hr\/de\/fahrrad-und-rollerverleih\/\" \/>\n<meta property=\"og:site_name\" content=\"Hotel Plaza\" \/>\n<meta property=\"article:modified_time\" content=\"2021-03-17T23:07:08+00:00\" \/>\n<meta name=\"twitter:card\" content=\"summary_large_image\" \/>\n<script type=\"application\/ld+json\" class=\"yoast-schema-graph\">{\"@context\":\"https:\\\/\\\/schema.org\",\"@graph\":[{\"@type\":\"WebPage\",\"@id\":\"https:\\\/\\\/www.hotelplaza.hr\\\/de\\\/fahrrad-und-rollerverleih\\\/\",\"url\":\"https:\\\/\\\/www.hotelplaza.hr\\\/de\\\/fahrrad-und-rollerverleih\\\/\",\"name\":\"Fahrrad und Rollerverleih - Hotel Plaza\",\"isPartOf\":{\"@id\":\"https:\\\/\\\/www.hotelplaza.hr\\\/de\\\/#website\"},\"datePublished\":\"2021-03-17T23:05:51+00:00\",\"dateModified\":\"2021-03-17T23:07:08+00:00\",\"breadcrumb\":{\"@id\":\"https:\\\/\\\/www.hotelplaza.hr\\\/de\\\/fahrrad-und-rollerverleih\\\/#breadcrumb\"},\"inLanguage\":\"de\",\"potentialAction\":[{\"@type\":\"ReadAction\",\"target\":[\"https:\\\/\\\/www.hotelplaza.hr\\\/de\\\/fahrrad-und-rollerverleih\\\/\"]}]},{\"@type\":\"BreadcrumbList\",\"@id\":\"https:\\\/\\\/www.hotelplaza.hr\\\/de\\\/fahrrad-und-rollerverleih\\\/#breadcrumb\",\"itemListElement\":[{\"@type\":\"ListItem\",\"position\":1,\"name\":\"Po\u010detna stranica\",\"item\":\"https:\\\/\\\/www.hotelplaza.hr\\\/de\\\/\"},{\"@type\":\"ListItem\",\"position\":2,\"name\":\"Fahrrad und Rollerverleih\"}]},{\"@type\":\"WebSite\",\"@id\":\"https:\\\/\\\/www.hotelplaza.hr\\\/de\\\/#website\",\"url\":\"https:\\\/\\\/www.hotelplaza.hr\\\/de\\\/\",\"name\":\"Hotel Plaza\",\"description\":\"Hotel\",\"potentialAction\":[{\"@type\":\"SearchAction\",\"target\":{\"@type\":\"EntryPoint\",\"urlTemplate\":\"https:\\\/\\\/www.hotelplaza.hr\\\/de\\\/?s={search_term_string}\"},\"query-input\":{\"@type\":\"PropertyValueSpecification\",\"valueRequired\":true,\"valueName\":\"search_term_string\"}}],\"inLanguage\":\"de\"}]}<\/script>\n<!-- \/ Yoast SEO plugin. -->","yoast_head_json":{"title":"Fahrrad und Rollerverleih - Hotel Plaza","robots":{"index":"index","follow":"follow","max-snippet":"max-snippet:-1","max-image-preview":"max-image-preview:large","max-video-preview":"max-video-preview:-1"},"canonical":"https:\/\/www.hotelplaza.hr\/de\/fahrrad-und-rollerverleih\/","og_locale":"de_DE","og_type":"article","og_title":"Fahrrad und Rollerverleih - Hotel Plaza","og_description":"EXKLUSIVE 4-STERNE-HOTELS Fahrrad und Rollerverleih Entdecken Sie die Omi\u0161 Riviera auf zwei R\u00e4dern und genie\u00dfen die Fahrt am Meer oder Fluss entlang. Die Hotels Pla\u017ea bieten die M\u00f6glichkeit dazu Fahrr\u00e4der, e-Fahrr\u00e4der oder Roller auszuleihen. Wenn Sie sich etwas aus dem Stadttrouble zur\u00fcckziehen m\u00f6chten und die Sch\u00f6nheiten der Gegend genie\u00dfen wollen, k\u00f6nnen Sie nach der Unterkunftsbuchung [&hellip;]","og_url":"https:\/\/www.hotelplaza.hr\/de\/fahrrad-und-rollerverleih\/","og_site_name":"Hotel Plaza","article_modified_time":"2021-03-17T23:07:08+00:00","twitter_card":"summary_large_image","schema":{"@context":"https:\/\/schema.org","@graph":[{"@type":"WebPage","@id":"https:\/\/www.hotelplaza.hr\/de\/fahrrad-und-rollerverleih\/","url":"https:\/\/www.hotelplaza.hr\/de\/fahrrad-und-rollerverleih\/","name":"Fahrrad und Rollerverleih - Hotel Plaza","isPartOf":{"@id":"https:\/\/www.hotelplaza.hr\/de\/#website"},"datePublished":"2021-03-17T23:05:51+00:00","dateModified":"2021-03-17T23:07:08+00:00","breadcrumb":{"@id":"https:\/\/www.hotelplaza.hr\/de\/fahrrad-und-rollerverleih\/#breadcrumb"},"inLanguage":"de","potentialAction":[{"@type":"ReadAction","target":["https:\/\/www.hotelplaza.hr\/de\/fahrrad-und-rollerverleih\/"]}]},{"@type":"BreadcrumbList","@id":"https:\/\/www.hotelplaza.hr\/de\/fahrrad-und-rollerverleih\/#breadcrumb","itemListElement":[{"@type":"ListItem","position":1,"name":"Po\u010detna stranica","item":"https:\/\/www.hotelplaza.hr\/de\/"},{"@type":"ListItem","position":2,"name":"Fahrrad und Rollerverleih"}]},{"@type":"WebSite","@id":"https:\/\/www.hotelplaza.hr\/de\/#website","url":"https:\/\/www.hotelplaza.hr\/de\/","name":"Hotel Plaza","description":"Hotel","potentialAction":[{"@type":"SearchAction","target":{"@type":"EntryPoint","urlTemplate":"https:\/\/www.hotelplaza.hr\/de\/?s={search_term_string}"},"query-input":{"@type":"PropertyValueSpecification","valueRequired":true,"valueName":"search_term_string"}}],"inLanguage":"de"}]}},"_links":{"self":[{"href":"https:\/\/www.hotelplaza.hr\/de\/wp-json\/wp\/v2\/pages\/4983","targetHints":{"allow":["GET"]}}],"collection":[{"href":"https:\/\/www.hotelplaza.hr\/de\/wp-json\/wp\/v2\/pages"}],"about":[{"href":"https:\/\/www.hotelplaza.hr\/de\/wp-json\/wp\/v2\/types\/page"}],"author":[{"embeddable":true,"href":"https:\/\/www.hotelplaza.hr\/de\/wp-json\/wp\/v2\/users\/1"}],"replies":[{"embeddable":true,"href":"https:\/\/www.hotelplaza.hr\/de\/wp-json\/wp\/v2\/comments?post=4983"}],"version-history":[{"count":4,"href":"https:\/\/www.hotelplaza.hr\/de\/wp-json\/wp\/v2\/pages\/4983\/revisions"}],"predecessor-version":[{"id":4987,"href":"https:\/\/www.hotelplaza.hr\/de\/wp-json\/wp\/v2\/pages\/4983\/revisions\/4987"}],"wp:attachment":[{"href":"https:\/\/www.hotelplaza.hr\/de\/wp-json\/wp\/v2\/media?parent=4983"}],"curies":[{"name":"wp","href":"https:\/\/api.w.org\/{rel}","templated":true}]}}

<div data-elementor-type="wp-page" data-elementor-id="4983" class="elementor elementor-4983 elementor-1487" data-elementor-post-type="page">
						<section class="elementor-section elementor-top-section elementor-element elementor-element-aab9eaf elementor-section-full_width elementor-section-height-min-height elementor-section-stretched elementor-section-height-default elementor-section-items-middle" data-id="aab9eaf" data-element_type="section" data-e-type="section" data-settings="{&quot;stretch_section&quot;:&quot;section-stretched&quot;,&quot;background_background&quot;:&quot;classic&quot;}">
						<div class="elementor-container elementor-column-gap-default">
					<div class="elementor-column elementor-col-100 elementor-top-column elementor-element elementor-element-8aacb2f" data-id="8aacb2f" data-element_type="column" data-e-type="column">
			<div class="elementor-widget-wrap">
							</div>
		</div>
					</div>
		</section>
				<section class="elementor-section elementor-top-section elementor-element elementor-element-a04405a elementor-section-stretched elementor-section-boxed elementor-section-height-default elementor-section-height-default" data-id="a04405a" data-element_type="section" data-e-type="section" data-settings="{&quot;background_background&quot;:&quot;classic&quot;,&quot;stretch_section&quot;:&quot;section-stretched&quot;}">
						<div class="elementor-container elementor-column-gap-default">
					<div class="elementor-column elementor-col-100 elementor-top-column elementor-element elementor-element-ed1d456" data-id="ed1d456" data-element_type="column" data-e-type="column">
			<div class="elementor-widget-wrap elementor-element-populated">
						<div class="elementor-element elementor-element-5b587a2 subtilines elementor-widget elementor-widget-text-editor" data-id="5b587a2" data-element_type="widget" data-e-type="widget" data-widget_type="text-editor.default">
									<p class="t1">EXKLUSIVE 4-STERNE-HOTELS</p>								</div>
				<div class="elementor-element elementor-element-f79b388 elementor-widget elementor-widget-heading" data-id="f79b388" data-element_type="widget" data-e-type="widget" data-widget_type="heading.default">
					<h2 class="elementor-heading-title elementor-size-default">Fahrrad und Rollerverleih</h2>				</div>
				<div class="elementor-element elementor-element-67388f9 elementor-widget elementor-widget-text-editor" data-id="67388f9" data-element_type="widget" data-e-type="widget" data-widget_type="text-editor.default">
									<p>Entdecken Sie die Omiš Riviera auf zwei Rädern und genießen die Fahrt am Meer oder Fluss entlang.</p><p>Die Hotels Plaža bieten die Möglichkeit dazu Fahrräder, e-Fahrräder oder Roller auszuleihen.</p><p>Wenn Sie sich etwas aus dem Stadttrouble zurückziehen möchten und die Schönheiten der Gegend genießen wollen, können Sie nach der Unterkunftsbuchung oder während Ihrem Aufenthalt an der Hotelrezeption ein Fahrrad oder einen Roller leihen.</p>								</div>
					</div>
		</div>
					</div>
		</section>
				</div>

<p>EXKLUSIVE 4-STERNE-HOTELS Fahrrad und Rollerverleih Entdecken Sie die Omiš Riviera auf zwei Rädern und genießen die Fahrt am Meer oder Fluss entlang. Die Hotels Plaža bieten die Möglichkeit dazu Fahrräder, e-Fahrräder oder Roller auszuleihen. Wenn Sie sich etwas aus dem Stadttrouble zurückziehen möchten und die Schönheiten der Gegend genießen wollen, können Sie nach der Unterkunftsbuchung [&hellip;]</p>

<!-- This site is optimized with the Yoast SEO plugin v27.4 - https://yoast.com/product/yoast-seo-wordpress/ -->
<title>Fahrrad und Rollerverleih - Hotel Plaza</title>
<meta name="robots" content="index, follow, max-snippet:-1, max-image-preview:large, max-video-preview:-1" />
<link rel="canonical" href="https://www.hotelplaza.hr/de/fahrrad-und-rollerverleih/" />
<meta property="og:locale" content="de_DE" />
<meta property="og:type" content="article" />
<meta property="og:title" content="Fahrrad und Rollerverleih - Hotel Plaza" />
<meta property="og:description" content="EXKLUSIVE 4-STERNE-HOTELS Fahrrad und Rollerverleih Entdecken Sie die Omiš Riviera auf zwei Rädern und genießen die Fahrt am Meer oder Fluss entlang. Die Hotels Plaža bieten die Möglichkeit dazu Fahrräder, e-Fahrräder oder Roller auszuleihen. Wenn Sie sich etwas aus dem Stadttrouble zurückziehen möchten und die Schönheiten der Gegend genießen wollen, können Sie nach der Unterkunftsbuchung [&hellip;]" />
<meta property="og:url" content="https://www.hotelplaza.hr/de/fahrrad-und-rollerverleih/" />
<meta property="og:site_name" content="Hotel Plaza" />
<meta property="article:modified_time" content="2021-03-17T23:07:08+00:00" />
<meta name="twitter:card" content="summary_large_image" />
<script type="application/ld+json" class="yoast-schema-graph">{"@context":"https:\/\/schema.org","@graph":[{"@type":"WebPage","@id":"https:\/\/www.hotelplaza.hr\/de\/fahrrad-und-rollerverleih\/","url":"https:\/\/www.hotelplaza.hr\/de\/fahrrad-und-rollerverleih\/","name":"Fahrrad und Rollerverleih - Hotel Plaza","isPartOf":{"@id":"https:\/\/www.hotelplaza.hr\/de\/#website"},"datePublished":"2021-03-17T23:05:51+00:00","dateModified":"2021-03-17T23:07:08+00:00","breadcrumb":{"@id":"https:\/\/www.hotelplaza.hr\/de\/fahrrad-und-rollerverleih\/#breadcrumb"},"inLanguage":"de","potentialAction":[{"@type":"ReadAction","target":["https:\/\/www.hotelplaza.hr\/de\/fahrrad-und-rollerverleih\/"]}]},{"@type":"BreadcrumbList","@id":"https:\/\/www.hotelplaza.hr\/de\/fahrrad-und-rollerverleih\/#breadcrumb","itemListElement":[{"@type":"ListItem","position":1,"name":"Početna stranica","item":"https:\/\/www.hotelplaza.hr\/de\/"},{"@type":"ListItem","position":2,"name":"Fahrrad und Rollerverleih"}]},{"@type":"WebSite","@id":"https:\/\/www.hotelplaza.hr\/de\/#website","url":"https:\/\/www.hotelplaza.hr\/de\/","name":"Hotel Plaza","description":"Hotel","potentialAction":[{"@type":"SearchAction","target":{"@type":"EntryPoint","urlTemplate":"https:\/\/www.hotelplaza.hr\/de\/?s={search_term_string}"},"query-input":{"@type":"PropertyValueSpecification","valueRequired":true,"valueName":"search_term_string"}}],"inLanguage":"de"}]}</script>
<!-- / Yoast SEO plugin. -->

EXKLUSIVE 4-STERNE-HOTELS Fahrrad und Rollerverleih Entdecken Sie die Omiš Riviera auf zwei Rädern und genießen die Fahrt am Meer oder Fluss entlang. Die Hotels Plaža bieten die Möglichkeit dazu Fahrräder, e-Fahrräder oder Roller auszuleihen. Wenn Sie sich etwas aus dem Stadttrouble zurückziehen möchten und die Schönheiten der Gegend genießen wollen, können Sie nach der Unterkunftsbuchung [&hellip;]

Početna stranica
